 a8?
-637250
In base 4, what is 113312020 - -130133?
120102213
In base 14, what is -1 + -1009899c?
-1009899d
In base 3, what is -110200000000010011 + 0?
-110200000000010011
In base 9, what is -6071 + -166?
-6247
In base 15, what is -c + 154deb?
154dde
In base 5, what is -13324201 + -14420?
-13344121
In base 9, what is 3671612 + 384?
3672106
In base 14, what is 0 - 969379?
-969379
In base 7, what is -152140 + 336?
-151501
In base 8, what is -13115 - 215777?
-231114
In base 16, what is 4 - -22ab5d?
22ab61
In base 13, what is -c + -52a1641?
-52a1650
In base 15, what is -2 + -1972653?
-1972655
In base 13, what is 3b8aa70 - -3b?
3b8aaab
In base 3, what is -220002012102 + -12?
-220002012121
In base 14, what is -346dd1 - -59?
-346d76
In base 2, what is 0 + 100110101111110010110?
100110101111110010110
In base 3, what is -22222112 - 1220200?
-101220012
In base 11, what is 2 - 15a6884?
-15a6882
In base 7, what is 6065 - -636612?
646010
In base 6, what is 13 - 4044043505?
-4044043452
In base 6, what is 25444215 + 31?
25444250
In base 6, what is -400351 - -1120?
-355231
In base 7, what is 20411514622 - 1?
20411514621
In base 8, what is -752 - 60734?
-61706
In base 2, what is 111101101011111110101 - 1010?
111101101011111101011
In base 14, what is 374c53 - -5?
374c58
In base 6, what is -10102303 - 114?
-10102421
In base 7, what is -4 - -450613534?
450613530
In base 2, what is -101001110001101001101 + 100?
-101001110001101001001
In base 11, what is 36925 + 37?
36961
In base 13, what is -11023b - 8?
-110246
In base 9, what is -101322 - -874?
-100337
In base 5, what is -40003 + 233?
-34220
In base 6, what is -4553503550 + -34?
-4553504024
In base 6, what is 15230121 + -12424?
15213253
In base 15, what is -5 + 933b0c6?
933b0c1
In base 3, what is 12 + -2221122111210121?
-2221122111210102
In base 16, what is -b515e - 4b?
-b51a9
In base 14, what is 7a + 30797d?
307a19
In base 8, what is -6226331 + 13?
-6226316
In base 12, what is -1 + 175681a5?
175681a4
In base 14, what is -2a60c242 - -4?
-2a60c23c
In base 7, what is -131465546 + 3?
-131465543
In base 2, what is 110 - -10111100110010111110011?
10111100110010111111001
In base 11, what is 2 - 18a869?
-18a867
In base 13, what is -14 + 522ca2a?
522ca16
In base 14, what is b + 76bc2b2?
76bc2bd
In base 12, what is -513439 + -73?
-5134b0
In base 3, what is -101111 - -21200012100?
21122210212
In base 15, what is 2 - -499c22?
499c24
In base 3, what is 10011212 + 201201201?
211220120
In base 16, what is 30bd1ab + 0?
30bd1ab
In base 9, what is 2264 + 71811?
74175
In base 9, what is -7217 - 732?
-8050
In base 12, what is -2a864 - 46b?
-2b113
In base 15, what is -5cba + 37e4?
-24c6
In base 3, what is 11022122000022220211 - 1?
11022122000022220210
In base 16, what is 20b + -12e33?
-12c28
In base 15, what is -341eae + 7?
-341ea7
In base 5, what is -420142032 + -12?
-420142044
In base 6, what is -52103 + -511?
-53014
In base 10, what is 0 - -90396946?
90396946
In base 4, what is 32022 + -10311?
21111
In base 15, what is -20 - 62509?
-62529
In base 12, what is -1 + -42a28a0?
-42a28a1
In base 8, what is -4 + -74122?
-74126
In base 16, what is 15 - 90ac4?
-90aaf
In base 7, what is -3 - 2606502?
-2606505
In base 14, what is -93b5 + -cc0?
-a295
In base 13, what is -112c6 - 27a?
-11573
In base 3, what is 12012102 - 10101101?
1211001
In base 5, what is -3 - -324301203?
324301200
In base 11, what is -2898078 + 2?
-2898076
In base 16, what is -56f7 - b9?
-57b0
In base 14, what is 4216 - -19366?
1d57c
In base 6, what is -10443434032 - 11?
-10443434043
In base 6, what is -1403 - -154313?
152510
In base 6, what is 525 + -213501455?
-213500530
In base 10, what is 1200 + -33232?
-32032
In base 8, what is -4 - -1767065?
1767061
In base 4, what is 11011010321013 - -2?
11011010321021
In base 3, what is -2000000210111 + 10202?
-2000000122202
In base 15, what is -3 - d18d994?
-d18d997
In base 9, what is 1836715 + -4?
1836711
In base 8, what is -257422 + -3563?
-263205
In base 9, what is -12263734 + 3?
-12263731
In base 13, what is -cb470 + -128c?
-cc72c
In base 5, what is -13 + -21010302133?
-21010302201
In base 6, what is -10 + -1513502132?
-1513502142
In base 10, what is 1 + -59170793?
-59170792
In base 6, what is 11505120134 + 2?
11505120140
In base 4, what is 3103213 - 130?
3103023
In base 4, what is -200 + -102110112100?
-102110112300
In base 2, what is 10000010110100001 + 11001110?
10000011001101111
In base 10, what is -16466786 - 5?
-16466791
In base 2, what is 100110010101 + 1010001110100?
1111000001001
In base 11, what is 14143a9 - 7a?
141432a
In base 3, what is -10 + -10100010011211?
-10100010011221
In base 5, what is -11231204 - -1002?
-11230202
In base 14, what is -32871 - 829?
-3329a
In base 15, what is -1d753 - 17?
-1d76a
In base 5, what is -20301310 - 2222?
-20304032
In base 3, what is -2 + 202122022222222?
202122022222220
In base 2, what is -1100000 - -11011111010001000?
11011111000101000
In base 16, what is 34b150a - -5?
34b150f
In base 4, what is -211013111232030 - -3?
-211013111232021
In base 2, what is 111000100 - -11101111100110101?
11110000011111001
In base 12, what is -6b874 - 38?
-6b8b0
In base 13, what is -5 - 48c7508?
-48c7510
In base 6, what is -3 - -333115132?
333115125
In base 11, what is 40 - 406747?
-406707
In base 3, what is -1102220201120 + -10202?
-1102220212022
In base 5, what is 432 - 30302001?
-30301014
In base 6, what is 334221112 + 320?
334221432
In base 14, what is 11941a5 - -1?
11941a6
In base 2, what is -1010111111110100 - 11011101001?
-1011011011011101
In base 13, what is -354cb11 - 3?
-354cb14
In base 6, what is -3 + 35412542?
35412535
In base 9, what is 10 - 1712183?
-1712173
In base 11, what is 122966 - -556?
123411
In base 12, what is -47b2a - 38b1?
-4b81b
In base 14, what is -199 - -4921c?
49063
In base 5, what is -13001423400 + -3?
-13001423403
In base 16, what is -98 + 22d702?
22d66a
In base 5, what is -14300431241414 - -2?
-14300431241412
In base 3, what is -2 + 1122020000211200?
1122020000211121
In base 15, what is 1 - -8e7a19?
8e7a1a
In base 3, what is -1202202111 - -22212022?
-1102220012
In base 12, what is 2a - -29353?
29381
In base 15, what is 1c1 - -268a2?
26a73
In base 14, what is -10527 - 75?
-1059c
In base 6, what is -1354 - 13123342?
-13125140
In base 15, what is -b03 - b67?
-176a
In base 12, what is 1a464262 + 4?
1a464266
In base 4, what is -1 - -123020300012?
123020300011
In base 9, what is -23541142 + 3?
-23541138
In base 7, what is -200 - -652240?
652040
In base 11, what is -148104 - -18?
-148097
In base 8, what is 10652 - -32647?
43521
In base 6, what is 2 + 10013321302?
10013321304
In base 8, what is -22 - 771145?
-771167
In base 7, what is 3 - -1200124?
1200130
In base 6, what is 5303 - 2443424?
-2434121
In base 10, what is 132312961 - -4?
132312965
In base 3, what is -22010210 + -120202?
-22201112
In base 8, what is 2 - -2320555?
2320557
In base 10, what is -1 - -900299?
900298
In base 8, what is 2123 + 117537?
121662
In base 6, what is 1201 - -22135?
23340
In base 13, what is 20827a + -4?
208276
In base 11, what is 358018 + -5?
358013
In base 13, what is 185727 + 1c?
185746
In base 12, what is -a3b5 - 225a?
-10653
In base 8, what is 3 + 731047750?
731047753
In base 11, what is 257a628 + 20?
257a648
In base 2, what is -100000011100 + -10011100011111?
-10111100111011
In base 7, what is 1446020566 - 3?
1446020563
In base 8, what is 0 + -15144343?
-15144343
In base 13, what is -54354 + -b3?
-54437
In base 13, what is -57793a9 + 0?
-57793a9
In base 9, what is -231 - 324685?
-325026
In base 14, what is 14 + 414a38?
414a4c
In base 9, what is -3 - 22073882?
-22073885
In base 16, what is 10c11 + -fd6?
fc3b
In base 10, what is -310 - -71329?
71019
In base 6, what is -1 + 540252135?
540252134
In base 4, what is 1033332110 + 111?
1033332221
In base 13, what is -228076 + 68?
-22800b
In base 12, what is -5 + -850a87a?
-850a883
In base 12, what is -21bb3 + -86?
-22079
In base 13, what is -280 - -2328?
2078
In base 13, what is -2 - 594a3?
-594a5
In base 8, what is 226671451 - 3?
226671446
In base 11, what is 18 + -1a46096?
-1a46079
In base 15, what is 51db - 97?
5144
In base 2, what is -10001011010010001110111001 - -1?
-10001011010010001110111000
In base 14, what is 4 + -216379?
-216375
In 